git of g?
6
Suppose j - 505 = 18*a - 22*a, -4*j + 1950 = 2*a. Suppose -20 = 5*g, j = 3*h + g + 111. What is the units digit of h?
6
Let t(o) = -5*o + 753. Let m be (0*(-8)/24)/(-1 - 1). What is the tens digit of t(m)?
5
Let k(a) = 388*a + 350. What is the hundreds digit of k(11)?
6
What is the units digit of (-257179)/(-73) + (1 - -13)?
7
Let y be 1/2 + 3/(-12)*-6. Suppose -3*n - 333 = 4*a, -y*a + 3*a = 5*n - 66. Let v = -54 - a. What is the tens digit of v?
2
Suppose -2*o - o = 3*c - 9, -4*o = -4*c + 4. What is the hundreds digit of 190/1 - o/((-4)/16)?
1
Suppose 4*n = 5*s - 62383 - 11470, 4*n = 3*s - 44315. What is the hundreds digit of s?
7
Let d = -70 + 106. Let r = 11 - d. Let q = r - -90. What is the units digit of q?
5
What is the units digit of (0*1/(-2))/1 - -5594?
4
Let h be 24*((-153)/(-9) - -3). Let n = 1900 - h. What is the thousands digit of n?
1
Let v = -4504 + 17851. What is the hundreds digit of v?
3
Suppose 0 = c - 4 + 1. Suppose -4*z + 0*o = o + 13, -c*z = 5*o + 31. What is the units digit of z/(-6) - (-596)/12?
0
Let b = 50 - 12. Suppose -3*g + 22 = z, -4*z + 2 = 4*g - b. Let a(j) = 40*j + 22. What is the units digit of a(g)?
2
Suppose -14*q = -3*q - 22. Suppose 4*o - 1334 = p, q*p = -7*o + 4*o + 1006. What is the tens digit of o?
3
Let a(q) be the first derivative of 3*q**4/4 - 11*q**3/3 + 12*q**2 - 14*q + 47. What is the hundreds digit of a(7)?
6
Let n = 197 - 201. What is the tens digit of ((-5)/n + 1)/((-45)/(-5280))?
6
Let i = 24936 + -23085. What is the hundreds digit of i?
8
Let t(n) = 30*n - 5 - 4 + n. Let w = 1727 - 1721. What is the units digit of t(w)?
7
Let h = -6127 + 63319. What is the tens digit of h?
9
Let r = 23 - 17. Let g be 1 - (-1)/((-2)/r). What is the hundreds digit of ((-135)/g)/(8/16)?
1
Suppose 166*i + 162249 - 1896384 - 906261 = 0. What is the tens digit of i?
0
Let k(u) = -u**2 + 63*u - 4. Let v be k(-22). What is the tens digit of (-43)/129 + v/(-6)?
1
Let y(d) = -7*d**3 + 4*d**2 + 3*d + 2. Let c be y(-1). What is the units digit of (-4)/c - ((-9928)/20 + 1)?
5
Let x(m) = 174*m**3 + 9*m**2 + 7*m + 5. Let z(c) = 523*c**3 + 26*c**2 + 20*c + 14. Let w(u) = -17*x(u) + 6*z(u). What is the units digit of w(1)?
3
Let m be ((2 + -2)/2)/(-2). Suppose m = 7*n + n - 32. Suppose n*q - a = 66, 5*q - a - 18 = 4*q. What is the tens digit of q?
1
Suppose 16*p + 3*p = -135688 + 350673. What is the units digit of p?
5
Let s(n) = 110*n**2 + 5*n - 11. Let l be s(5). Suppose 5*b = l + 2926. What is the thousands digit of b?
1
Let m(r) = 25*r + 27. Let a = 191 - 177. What is the tens digit of m(a)?
7
Suppose -2*i + 7 = -g, -i = -g - 4*i + 18. Suppose 3*j = 0, g*n + 5 = -2*n - 2*j. What is the units digit of n/2 + (-427)/(-14)?
0
Suppose -1393 - 227 = 2*f. Let r be (f/63)/(3*2/(-56)). Suppose 465 = 4*h - p, h = -0*h - p + r. What is the hundreds digit of h?
1
Suppose -32*v - 3520 = -21*v. Let d = v + 322. What is the units digit of d?
2
Suppose 3*q - 439950 = -35*q + 8*q. What is the units digit of q?
5
Let a = 767 - -10403. What is the units digit of a?
0
Let u be (-3 + 6)*((-38)/(-6) - 1). Suppose 0 = -10*q + 6*q + u. Suppose 160 = x - y, -q = -y + 2*y. What is the tens digit of x?
5
Let y = 209 + -189. Suppose 0 = 3*p + a - 5807, -24*p + 7731 = -y*p - a. What is the tens digit of p?
3
Suppose -4*x - 1125 = 5*a, x = -2*a - 2*x - 457. Let k = a + 256. What is the tens digit of k?
3
What is the thousands digit of (-14)/(-2) + (1 + -3033)/((-28)/56)?
6
Suppose 3*j = -j. Suppose 7*q - 2*q + 22 = 3*a, 0 = a + 2*q. Suppose 2*f - 3*h - 204 = j, 3*h = a*h. What is the units digit of f?
2
Let d(u) = 58*u - 12. Let n be d(5). Suppose 191*c - n = 190*c. What is the tens digit of c?
7
Suppose 5*a - 123389 = -6*z + 5*z, -z = 1. What is the tens digit of a?
7
What is the tens digit of (-1 + 7 - 453)*(-4040)/60?
9
Suppose -2*i - 3*l = -6*l + 1205, -2*i - 1211 = -5*l. Let v = -358 - i. Suppose 4*n = -6*n + v. What is the units digit of n?
4
Let v be (-25 - -1*1)*(9 + -126). Suppose 0 = 6*l + 3*l - v. What is the tens digit of l?
1
Suppose -22*q = -223*q + 6503556. What is the ten thousands digit of q?
3
Suppose -2*o + 7 = 6*c - 5*c, -3*o - c + 12 = 0. Suppose 4*h - 1408 = -o*w, w = -3*h + 556 + 489. What is the tens digit of h?
4
What is the hundreds digit of (((-73)/(-2))/(222/148))/(1/186)?
5
Suppose -9*f - 11 + 11 = 0. Suppose 4*b + b = -3*i + 348, -2*i - 2*b + 228 = f. What is the hundreds digit of i?
1
Let j(p) = 2*p**2 - 5*p - 22. Let i be j(11). Let f = i - 90. What is the units digit of f?
5
Suppose -q - 2 = 0, -p + 0 = 4*q + 1. Suppose 4*t + 8 = -4*n, 0*n - p = 5*t + 4*n. What is the units digit of 1/1*41/t?
1
Suppose 2*t - 5*p - 1202 - 1799 = 0, -p = -t + 1493. What is the tens digit of t?
8
Let w be (-536)/6 + (-156)/(-117). What is the tens digit of (395/(-20))/(2 - (-177)/w)?
3
Let h(y) be the first derivative of 8*y + 1/4*y**4 + 20/3*y**3 - 7 + 17/2*y**2. What is the units digit of h(-19)?
6
Suppose 8*z - 1980 = 3*z. Let b = -255 + z. Let q = -100 + b. What is the tens digit of q?
4
Let u(h) = h**3 - 26*h**2 + 22*h + 47. Let v be u(25). Let w(x) = -27*x - 36. What is the hundreds digit of w(v)?
7
Suppose -558*w - 707800 = -598*w. What is the thousands digit of w?
7
Let s(v) = -295*v - 10076. What is the tens digit of s(-90)?
7
Let r = 21 + -16. Suppose -r*u + 4 = -4*a + 17, 5*u = -3*a + 1. What is the tens digit of (1 + -67)/u + -13 + 12?
6
What is the tens digit of 85/102 - 17692/(-24)?
3
Let i be 4 - (8/(-44) - 40/22). What is the hundreds digit of 4 - (-4 + i) - -272?
2
Let u = 2770 - -19939. What is the thousands digit of u?
2
Let o = -685 + 275. Let z = o + 596. What is the hundreds digit of z?
1
What is the units digit of ((-6440)/100)/((-5)/(25/2))?
1
Let n = -4702 + 8176. Suppose -n = -4*o + 2*q, o - q - q = 867. What is the tens digit of o?
6
Let j(t) = -t**3 + 8*t**2 + 1. Let v be j(8). What is the hundreds digit of 1321 - 2 - ((-22)/v)/11?
3
Let h(i) = -40*i + 6. Let q(o) = -241*o + 37. Let d(g) = 34*h(g) - 6*q(g). What is the units digit of d(2)?
4
Let o(u) be the third derivative of u**6/60 - 3*u**5/20 + 11*u**4/24 - 5*u**3/2 - 24*u**2. Let c be o(6). Let d = -29 + c. What is the tens digit of d?
3
Suppose 2*w = -123 + 127. Suppose 3*r - t = 1724, -w*r + 644 = -t - 506. What is the hundreds digit of r?
5
Let k(b) = 98*b + 205. Suppose 20*c + 49 = 27*c. What is the hundreds digit of k(c)?
8
Suppose 770 = 2*c + 2*y, 6*y - 1570 = -4*c + 8*y. Let b = c + 87. What is the units digit of b?
7
Suppose 810*m - 813*m = -3279. What is the hundreds digit of m?
0
Let p(a) = 13*a**2 - 12*a - 117. What is the hundreds digit of p(-23)?
0
Let d be (75/6 - -4)/(42/56). Let n(v) = 4*v - v + 8 + 3. What is the units digit of n(d)?
7
Suppose -v + 47*c + 4579 = 45*c, c = -3*v + 13702. What is the units digit of v?
9
Suppose 0 = 63*t - 2261 - 7819. What is the tens digit of t?
6
Let i(x) = 6*x + 153. Suppose 0 = 8*n + 9 - 89. Let j be (-6)/n - 24/(-40). What is the units digit of i(j)?
3
Suppose -30408 = 715*p - 743*p. What is the hundreds digit of p?
0
Suppose -118*i + 457540 = -779098 - 160600. What is the ten thousands digit of i?
1
Suppose 4*y = -3*p + 8*y - 13, 5*p + y + 37 = 0. What is the tens digit of (-205)/(p - (-24)/4)?
0
Let s(b) = -53*b + 321. Let u be s(6). Suppose 3*t = -0*t - 4*g - 14, 2*g = -10. Suppose -2*h + u*v = v - 158, -3*h + 232 = t*v. What is the units digit of h?
8
Suppose 0 = -3*y + 7 - 10. Let g(f) = -562*f - 11. What is the units digit of g(y)?
1
Let l(w) = w**3 - 4*w**2 - 7*w + 24. Let p be l(9). Suppose 10 = -5*g - 0*g, j - p = -4*g. What is the hundreds digit of j?
3
Suppose 23*b - 2*j = 18*b + 41454, 5*b = j + 41457. What is the tens digit of b?
9
Let l be (-22568)/98 + 2/7. Let m = l + 1132. What is the units digit of m?
2
Suppose 2 = 4*n - 26. Suppose n*r - 2010 = 1812. What is the hundreds digit of r?
5
Let k(b) = 9*b + 58. Suppose 51*f - 114 = 48*f. What is the hundreds digit of k(f)?
4
Let g(q) = -q**2 + q + 2. Let a be g(0). Let r be -1 + 4 + -2 + a. Suppose -4*x - 5*o + 292 = -2*o, r*x = 3*o + 198. What is the units digit of x?
0
Suppose 0 = v - 4*a + 1, 4*v = 3*v - 5*a + 8. Suppose f - 448 = d - 2*d, -2*d = v*f - 896. What is the tens digit of d?
4
Suppose 1198*m + 1813444 = 1235*m.